 k be 3*1/(-3)*7. Let x(v) = -6 - 2*v**2 + 3*v**2 - v + 2*v + 0*v. Calculate the remainder when x(k) is divided by 19.
17
Let j(p) be the first derivative of -p**2 + p + 4. Calculate the remainder when 42 is divided by j(-7).
12
Let f(b) = -b**2 - 12*b - 14. Calculate the remainder when 21 is divided by f(-10).
3
Let j = 7 - 3. Suppose -5*m = -3*n + 13, 0*n + 4*m + 20 = j*n. Let a = 15 - n. Calculate the remainder when a is divided by 5.
4
Let c(f) = 4*f - 29. What is the remainder when 107 is divided by c(14)?
26
Suppose -8 = -4*v + 8. Let u(i) = 5*i - 9. What is the remainder when u(v) is divided by 3?
2
Let z(v) = -2*v - 2*v**2 + 4*v**2 - 2 - v**2. Calculate the remainder when z(4) is divided by 2/4*(10 + -2).
2
Calculate the remainder when 26 is divided by (-6 - -8)/((-3)/(-12)).
2
Suppose -n + 17 - 1 = 0. Suppose -4*z - n = -4, -2*v - 5*z = -295. Let x = 234 - v. What is the remainder when x is divided by 27?
25
Let c(p) be the third derivative of 5*p**4/24 - 11*p**3/6 + 6*p**2. Let f(g) = 2*g**2 - g + 2. What is the remainder when c(8) is divided by f(2)?
5
Suppose -2*g = -k + 21 - 2, -4*k = 20. Calculate the remainder when ((-14)/4)/(2/(-24)) is divided by 18/9 + (1 - g).
12
Suppose 3*c = -0*c - 12. What is the remainder when (25/(-10) + 2)*-34 is divided by (-3)/((c/(-6))/(-2))?
8
Let a(s) = -s + 3. Let r be a(0). Suppose 2*g = 4*g - 36. What is the remainder when g is divided by (1/3)/(r/45)?
3
Suppose 5 = 4*s - 31. Suppose -h + s = -0*h. Calculate the remainder when 15 is divided by h.
6
Suppose -3*g + 5 + 34 = 0. Let z(y) = y - 4. Let d be z(4). Suppose d*k = -2*k + 74. Calculate the remainder when k is divided by g.
11
Suppose 2*a + 5*r - 5 = 0, -a - 65 = -6*a - 2*r. Calculate the remainder when 284 is divided by a.
14
Let w be (-1)/((2*-2)/16). Suppose w*i - 25 = 31. What is the remainder when 41 is divided by i?
13
Suppose -b = 3*b - 8. Suppose 38 = 2*h - 4*z, b*h + 5 = h - 4*z. What is the remainder when 30 is divided by h?
8
Let k(t) = t + 55. Calculate the remainder when k(13) is divided by 37.
31
Let z = 47 - 3. What is the remainder when 128 is divided by z?
40
Suppose -9*n = -11*n + 34. Calculate the remainder when 65 is divided by n.
14
Let w = 1 - 2. Let n(y) = -2*y + 1. Let t = -52 - -60. What is the remainder when t is divided by n(w)?
2
Let j(c) = c + 46. What is the remainder when j(-15) is divided by 13?
5
Let x(q) = 31*q**2. Let d be x(-1). Let n = d - 6. Calculate the remainder when n is divided by 13.
12
Suppose 18 = 5*j - 42. Let m(c) = -j*c - 11*c - 1 - 4*c + c. What is the remainder when m(-1) is divided by 13?
12
Let a(q) be the first derivative of 2*q**3/3 - 4*q**2 + 7*q + 1. Let u be a(7). Let x = u + -33. Calculate the remainder when 31 is divided by x.
15
Suppose -7*d + 56 = -3*d. What is the remainder when (-526)/(-10) - 14/(-35) is divided by d?
11
Suppose 3*n = 7*n + 64. Let w = n - -26. Calculate the remainder when 16 is divided by w.
6
Suppose -12 = -3*r - 0*r. Suppose -c - 15 = -h, 0 = r*h + 5*c - 0*c - 24. What is the remainder when h is divided by 3/1 + 6/2?
5
Suppose 8*h - 42 = 78. What is the remainder when 58 is divided by h?
13
Let s(m) = -m**3 - m + 5. Let k be s(0). Let v = 7 + k. What is the remainder when v is divided by 7?
5
Suppose 0 = 5*l + 2*c - 136, 0*l - 5*c = 2*l - 46. What is the remainder when 111 is divided by l?
27
Suppose -4*j + 7 = -1. Let g(f) = 8*f + 1. Suppose 0 = 2*w - w - 50. What is the remainder when w is divided by g(j)?
16
Suppose 3*m = 2*m + 17. What is the remainder when 47 is divided by m?
13
Let l(c) = -c**3 + 7*c**2 + 6*c + 18. Let u(f) = f - 3. What is the remainder when u(7) is divided by l(8)?
0
Let v(c) be the second derivative of -c**5/20 - 7*c**4/12 - 5*c**3/3 + 7*c**2/2 + 3*c. Calculate the remainder when v(-5) is divided by 3.
1
Let g = 51 + -38. What is the remainder when 128 is divided by g?
11
What is the remainder when 231/(-49) + 5 - 96/(-7) is divided by 6?
2
Let l be 1*(-2)/4*-10. Suppose 0 = -l*g + 137 + 188. What is the remainder when g is divided by 22?
21
Let k = -10 - -15. Calculate the remainder when 22 is divided by k.
2
Calculate the remainder when 42 is divided by -3*(0 + -2 + -3).
12
Suppose 3*a - 2*a = 53. Suppose -3*b + 7 = -a. Calculate the remainder when b is divided by 11.
9
Suppose 12 = 2*t - 2*z, t + 17 - 38 = -4*z. What is the remainder when 18 is divided by t?
0
Let d be (22/(-4))/(6/12). What is the remainder when 0 - (0 + 3) - d is divided by 3?
2
Suppose -6*w + w + 195 = 0. Calculate the remainder when w is divided by 20.
19
Suppose u - 2*u + 3 = 0. Suppose -4*b + 13 = -u. Let o = 19 - 13. What is the remainder when o is divided by b?
2
Suppose -2*s - 21 = 3. Let j = -6 - s. Calculate the remainder when 21 is divided by j.
3
Suppose 0 = -2*d - 4, -2*c - 2*d + 30 = -4*d. Suppose 4*j + 4 = 5*j. Calculate the remainder when (-1 + 63/6)*j is divided by c.
12
Suppose -3*x + 80 = i, 3*i + 152 = 5*x - 0*i. Suppose -2*q + 22 = -k, q + 4*k + 3 = 5. Calculate the remainder when x is divided by q.
8
Suppose 4*x + 6*n - n = 250, 4*x - n = 262. Suppose x = 5*d + 2*j - 0*j, 2*d - 3*j = 26. Calculate the remainder when d is divided by 14/35 + 46/10.
3
Suppose -5*d + 30 = -5*y, -16 = -4*d - y + 8. Let j = d + 7. What is the remainder when 24 is divided by j?
11
Suppose -2 = 4*g - 10. Suppose v + 19 = g*v. Calculate the remainder when v is divided by 11.
8
Let x(l) = 16*l - 30. What is the remainder when 133 is divided by x(4)?
31
Suppose -4*c - 8 = 5*s - 76, c - 2*s - 17 = 0. Let y(b) = -b**2 - 13*b + 13. Let u be y(-14). What is the remainder when c is divided by (u + -8)*(1 + -2)?
8
Suppose -177 = -4*s - a, -3*a + 7*a - 92 = -2*s. Calculate the remainder when 130 is divided by s.
42
Let x = -22 - -36. Suppose 3*c - 820 = -2*c. Suppose 0*q - c = -4*q. Calculate the remainder when q is divided by x.
13
Let d(j) = -j**2 + 7*j + 2. Suppose 4 = v + 2. Calculate the remainder when 2 - (-1 + v - 34) is divided by d(5).
11
Let z = -14 - -18. Suppose -4 = -z*w + 8. Calculate the remainder when 10 is divided by w.
1
Let k(b) = b**3 + 8*b**2 - 6*b + 2. Let m be k(-8). Suppose -p - 13 = -m. Let g(t) = -3*t - 8. Calculate the remainder when p is divided by g(-6).
7
Let z = -34 + 62. Calculate the remainder when 111 is divided by z.
27
Let z = 1 + 1. Suppose -z*u = 3 - 7. Suppose 0 = -0*a - u*a + 14. Calculate the remainder when 25 is divided by a.
4
Calculate the remainder when (2 + -6)*(-55)/2 is divided by 14.
12
Let m(z) = z**3 + 5*z**2 - 16*z - 9. Calculate the remainder when 11 is divided by m(-7).
1
What is the remainder when (3 + -2)/(-4) + 171/12 is divided by 10/(0 - (-4 - -2))?
4
Let s(k) = 53*k**3 - 14*k**2 - 8*k + 3. Let u(h) = -18*h**3 + 5*h**2 + 3*h - 1. Let j(r) = 3*s(r) + 8*u(r). Calculate the remainder when j(1) is divided by 8.
6
Suppose 0 = -t - 0*t + 25. Suppose 2*n - 32 = -2*y + 5*y, -4*n - 2*y + 48 = 0. Calculate the remainder when t is divided by n.
12
Let s(o) = -3*o**2 + 2*o - 1. Let u be s(1). What is the remainder when ((-2)/(-4))/((-2)/(-36)) is divided by (1 + u - -1) + 5?
4
Suppose -35 = 5*s - 2*b + 69, s + 7 = 5*b. Let w = s - -40. Let h = 12 + -2. Calculate the remainder when w is divided by h.
8
Let f(d) = -8*d - 7. Suppose -52 = -3*b - b. What is the remainder when f(-7) is divided by b?
10
Let o(f) = 2*f**2 + 8*f. Calculate the remainder when 374/8 + (-2)/(-8) is divided by o(-6).
23
Suppose 3*j = 3*z + 192, -2*j = -7*j + 4*z + 320. Suppose -5*w + 5*k + 130 = 0, 11 - 81 = -3*w + k. What is the remainder when j is divided by w?
20
What is the remainder when (30 - 36)/((-2)/15) is divided by (-4)/14 - 228/(-14)?
13
Suppose 2*d + 4 = 12. Suppose 0 = 4*l - d, -5*l - 67 = 5*r - 417. Calculate the remainder when r is divided by 18.
15
Let h(p) = p**3 - p**2 - 8*p - 3. Calculate the remainder when h(4) is divided by 9.
4
Suppose 3*j + w = -60, -w - 3*w - 30 = 2*j. Calculate the remainder when (7/j)/(2/(-126)) is divided by 11.
10
Suppose 0*p - 6 = -2*p. What is the remainder when 10 is divided by p?
1
Let g(a) = a**3 - 6*a**2 - 7*a + 1. Let f be g(7). Suppose -1 = -4*q - 5. What is the remainder when 41 is divided by 12 - (q + f + -2)?
13
Suppose 0 = k + 7 - 3. Calculate the remainder when 80 is divided by 0 + (-2 - -19) 